t are the prime factors of 3298458?
2, 3, 101, 5443
What are the prime factors of 2711215?
5, 13, 53, 787
What are the prime factors of 2461692?
2, 3, 205141
What are the prime factors of 619089?
3, 17, 61, 199
List the prime factors of 1276654.
2, 638327
List the prime factors of 553348.
2, 138337
List the prime factors of 12211841.
12211841
List the prime factors of 337248.
2, 3, 1171
List the prime factors of 108957.
3, 36319
List the prime factors of 9497783.
9497783
List the prime factors of 255788.
2, 13, 4919
What are the prime factors of 954546?
2, 3, 23, 6917
What are the prime factors of 615535?
5, 307, 401
List the prime factors of 54633.
3, 18211
List the prime factors of 15159019.
17, 891707
List the prime factors of 239185.
5, 47837
What are the prime factors of 249922?
2, 29, 31, 139
List the prime factors of 16595749.
613, 27073
List the prime factors of 2214223.
11, 101, 1993
What are the prime factors of 1642974?
2, 3, 61, 67
What are the prime factors of 1352539?
311, 4349
What are the prime factors of 447247?
447247
What are the prime factors of 223305?
3, 5, 14887
What are the prime factors of 10896202?
2, 5448101
What are the prime factors of 4795778?
2, 13, 139, 1327
List the prime factors of 292970.
2, 5, 29297
What are the prime factors of 10514247?
3, 599, 5851
List the prime factors of 1545437.
367, 4211
What are the prime factors of 180602?
2, 73, 1237
List the prime factors of 6594442.
2, 149, 22129
List the prime factors of 1115435.
5, 223087
What are the prime factors of 404647?
173, 2339
List the prime factors of 2370816.
2, 3, 7
List the prime factors of 531002.
2, 73, 3637
What are the prime factors of 24758244?
2, 3, 7, 32749
What are the prime factors of 2135667?
3, 711889
List the prime factors of 1674611.
149, 11239
List the prime factors of 1347772.
2, 47, 67, 107
List the prime factors of 16602559.
16602559
List the prime factors of 11628877.
13, 43, 71, 293
List the prime factors of 141482.
2, 11, 59, 109
What are the prime factors of 6253559?
13, 481043
What are the prime factors of 31467291?
3, 29, 311, 1163
List the prime factors of 138651.
3, 113, 409
List the prime factors of 129729.
3, 83, 521
List the prime factors of 83764.
2, 43, 487
List the prime factors of 2073343.
2073343
List the prime factors of 11086556.
2, 13, 213203
List the prime factors of 1884081.
3, 659, 953
What are the prime factors of 60420?
2, 3, 5, 19, 53
List the prime factors of 1417337.
1417337
What are the prime factors of 17663635?
5, 11, 19, 16903
List the prime factors of 1489078.
2, 744539
What are the prime factors of 5703990?
2, 3, 5, 19, 10007
List the prime factors of 15742373.
23, 684451
List the prime factors of 17553660.
2, 3, 5, 292561
List the prime factors of 1548108.
2, 3, 43003
List the prime factors of 274281.
3, 7, 37, 353
List the prime factors of 1471200.
2, 3, 5, 613
List the prime factors of 148346.
2, 11, 613
What are the prime factors of 842173?
842173
What are the prime factors of 12849281?
12849281
List the prime factors of 85128.
2, 3, 3547
List the prime factors of 287796.
2, 3, 29, 827
List the prime factors of 248321.
239, 1039
List the prime factors of 328692.
2, 3, 7, 13, 43
What are the prime factors of 5464338?
2, 3, 11, 82793
List the prime factors of 12175569.
3, 7, 9203
What are the prime factors of 19175159?
281, 68239
What are the prime factors of 11991?
3, 7, 571
List the prime factors of 1280696.
2, 160087
List the prime factors of 268909.
268909
List the prime factors of 4817314.
2, 2408657
List the prime factors of 237651.
3, 37, 2141
List the prime factors of 18927666.
2, 3, 23, 131, 349
List the prime factors of 911186.
2, 73, 79
List the prime factors of 2691378.
2, 3, 149521
What are the prime factors of 993509?
11, 181, 499
List the prime factors of 71796.
2, 3, 31, 193
List the prime factors of 27965932.
2, 37, 5107
What are the prime factors of 1922192?
2, 19, 6323
List the prime factors of 2944604.
2, 13, 17, 3331
List the prime factors of 231313.
227, 1019
List the prime factors of 5786346.
2, 3, 107, 9013
List the prime factors of 9645306.
2, 3, 11, 146141
List the prime factors of 3247568.
2, 202973
What are the prime factors of 2371495?
5, 7, 67757
What are the prime factors of 57229?
151, 379
List the prime factors of 14303838.
2, 3, 23, 103651
List the prime factors of 5030997.
3, 17, 23, 4289
List the prime factors of 2072778.
2, 3, 345463
List the prime factors of 29309656.
2, 3663707
List the prime factors of 11822833.
11, 59, 18217
What are the prime factors of 3191050?
2, 5, 19, 3359
What are the prime factors of 1200336?
2, 3, 17, 1471
List the prime factors of 1246070.
2, 5, 7, 2543
List the prime factors of 206480.
2, 5, 29, 89
What are the prime factors of 559846?
2, 7, 39989
List the prime factors of 3052264.
2, 381533
List the prime factors of 366231.
3, 17, 43, 167
What are the prime factors of 2710477?
7, 11, 35201
What are the prime factors of 1787911?
1787911
List the prime factors of 591600.
2, 3, 5, 17, 29
List the prime factors of 155085.
3, 5, 7, 211
What are the prime factors of 19618342?
2, 9809171
List the prime factors of 23773963.
47, 593, 853
List the prime factors of 6576.
2, 3, 137
List the prime factors of 207063.
3, 7669
What are the prime factors of 10328751?
3, 1147639
What are the prime factors of 12242788?
2, 17, 43, 53, 79
What are the prime factors of 1620136?
2, 7, 4133
What are the prime factors of 275471?
7, 23, 29, 59
What are the prime factors of 2348430?
2, 3, 5, 7, 53, 211
What are the prime factors of 111570?
2, 3, 5, 3719
What are the prime factors of 1083606?
2, 3, 313, 577
List the prime factors of 3346751.
3346751
What are the prime factors of 2850094?
2, 13, 109619
List the prime factors of 1377878.
2, 688939
What are the prime factors of 783925?
5, 31357
What are the prime factors of 2756143?
13, 41, 5171
List the prime factors of 202889.
202889
What are the prime factors of 293994?
2, 3, 16333
What are the prime factors of 2444077?
43, 113, 503
List the prime factors of 4103739.
3, 211, 2161
List the prime factors of 15306715.
5, 17, 31, 37, 157
List the prime factors of 1641602.
2, 23, 127, 281
What are the prime factors of 13409258?
2, 113, 59333
What are the prime factors of 144838?
2, 139, 521
What are the prime factors of 608790?
2, 3, 5, 7, 13, 223
What are the prime factors of 4712348?
2, 1178087
List the prime factors of 2409274.
2, 7, 17, 53, 191
What are the prime factors of 455219?
455219
What are the prime factors of 2517779?
11, 43, 5323
What are the prime factors of 91392?
2, 3, 7, 17
What are the prime factors of 7570?
2, 5, 757
What are the prime factors of 20753?
20753
What are the prime factors of 371548?
2, 29, 3203
What are the prime factors of 465234?
2, 3, 7, 11, 19, 53
List the prime factors of 148568.
2, 7, 379
List the prime factors of 278901.
3, 7, 19, 233
List the prime factors of 400765.
5, 80153
What are the prime factors of 5420270?
2, 5, 542027
What are the prime factors of 765148?
2, 197, 971
List the prime factors of 849012.
2, 3, 139, 509
What are the prime factors of 1672559?
7, 61, 3917
What are the prime factors of 4436843?
1753, 2531
What are the prime factors of 965460?
2, 3, 5, 16091
What are the prime factors of 3525341?
17, 131, 1583
List the prime factors of 400455.
3, 5, 11, 809
What are the prime factors of 11920098?
2, 3, 1986683
What are the prime factors of 6730928?
2, 420683
List the prime factors of 242684.
2, 13, 359
What are the prime factors of 32255152?
2, 2015947
What are the prime factors of 424380?
2, 3, 5, 11, 643
What are the prime factors of 1134588?
2, 3, 7, 13, 1039
List the prime factors of 386646.
2, 3, 13, 4957
What are the prime factors of 2507444?
2, 626861
What are the prime factors of 154904?
2, 17, 67
What are the prime factors of 23390251?
1913, 12227
What are the prime factors of 245050?
2, 5, 13, 29
What are the prime factors of 4621367?
23, 200929
What are the prime factors of 53825?
5, 2153
List the prime factors of 21737549.
21737549
List the prime factors of 9785008.
2, 283, 2161
List the prime factors of 159048.
2, 3, 47
What are the prime factors of 354499?
23, 15413
List the prime factors of 6593267.
6593267
What are the prime factors